 of 20410?
False
Does 50 divide 80750?
True
Is 1241 a multiple of 73?
True
Does 194 divide 51992?
True
Does 16 divide 55763?
False
Does 48 divide 4322?
False
Is 12 a factor of 316?
False
Is 22220 a multiple of 44?
True
Is 37528 a multiple of 13?
False
Is 47 a factor of 76234?
True
Is 13247 a multiple of 13?
True
Is 20714 a multiple of 171?
False
Is 13 a factor of 598?
True
Is 31 a factor of 46934?
True
Is 45443 a multiple of 10?
False
Does 3 divide 7?
False
Is 1491 a multiple of 19?
False
Is 15 a factor of 114818?
False
Is 32 a factor of 51392?
True
Does 43 divide 36464?
True
Is 9 a factor of 9179?
False
Does 8 divide 1496?
True
Is 41 a factor of 14924?
True
Does 37 divide 15244?
True
Is 29 a factor of 5678?
False
Does 2 divide 1842?
True
Is 11 a factor of 35530?
True
Does 31 divide 54901?
True
Is 1126 a multiple of 5?
False
Does 196 divide 5170?
False
Is 10 a factor of 10581?
False
Is 1560 a multiple of 15?
True
Does 18 divide 1575?
False
Is 22 a multiple of 11?
True
Is 726 a multiple of 11?
True
Does 141 divide 52267?
False
Is 100 a factor of 9348?
False
Does 32 divide 15422?
False
Is 5 a factor of 860?
True
Is 46691 a multiple of 21?
False
Does 32 divide 4066?
False
Is 26391 a multiple of 19?
True
Is 116 a factor of 46284?
True
Is 2038 a multiple of 7?
False
Does 291 divide 45396?
True
Is 75 a factor of 49462?
False
Is 39 a multiple of 5?
False
Is 44 a factor of 1201?
False
Is 1401 a multiple of 15?
False
Is 1162 a multiple of 14?
True
Is 13430 a multiple of 50?
False
Is 874 a multiple of 38?
True
Is 17 a factor of 21811?
True
Is 31426 a multiple of 45?
False
Does 112 divide 12320?
True
Is 29 a factor of 3438?
False
Does 38 divide 3572?
True
Does 27 divide 8092?
False
Is 49 a multiple of 7?
True
Is 38 a factor of 11066?
False
Is 15 a factor of 135?
True
Is 51 a factor of 39752?
False
Is 15 a factor of 5200?
False
Is 55 a factor of 1870?
True
Is 4797 a multiple of 123?
True
Is 6 a factor of 1332?
True
Does 166 divide 38982?
False
Is 431 a multiple of 13?
False
Does 10 divide 633?
False
Is 798 a multiple of 31?
False
Is 40 a factor of 959?
False
Is 6120 a multiple of 40?
True
Does 33 divide 23666?
False
Is 2874 a multiple of 30?
False
Does 16 divide 79744?
True
Does 7 divide 903?
True
Is 2329 even?
False
Is 64 a factor of 54528?
True
Is 39 a factor of 622?
False
Is 12 a factor of 472?
False
Does 56 divide 8848?
True
Does 47 divide 22350?
False
Is 4 a factor of 378?
False
Does 9 divide 657?
True
Is 27 a factor of 1293?
False
Is 86125 a multiple of 265?
True
Is 135 a multiple of 12?
False
Is 60060 a multiple of 39?
True
Is 12 a factor of 1662?
False
Is 27 a factor of 945?
True
Is 190 a factor of 33747?
False
Is 240 a multiple of 10?
True
Is 3 a factor of 63?
True
Is 6235 a multiple of 13?
False
Does 63 divide 11202?
False
Is 19 a factor of 796?
False
Does 7 divide 15705?
False
Is 22720 a multiple of 10?
True
Does 18 divide 880?
False
Does 7 divide 258?
False
Does 21 divide 1136?
False
Does 24 divide 4690?
False
Does 57 divide 9291?
True
Does 7 divide 11064?
False
Is 21 a factor of 6825?
True
Does 63 divide 40560?
False
Is 291 a factor of 27384?
False
Is 18 a factor of 3960?
True
Is 14 a factor of 742?
True
Is 5093 a multiple of 463?
True
Does 14 divide 56?
True
Is 4554 a multiple of 45?
False
Is 33 a factor of 363?
True
Is 6237 a multiple of 16?
False
Is 31 a factor of 1209?
True
Does 20 divide 800?
True
Is 477 a multiple of 25?
False
Is 48 a factor of 7680?
True
Is 663 a multiple of 17?
True
Does 14 divide 392?
True
Is 188 a factor of 45027?
False
Is 9115 a multiple of 41?
False
Does 114 divide 46767?
False
Is 22119 a multiple of 73?
True
Is 517 a multiple of 167?
False
Is 840 a multiple of 7?
True
Is 16110 a multiple of 179?
True
Is 124 a factor of 4588?
True
Is 35 a factor of 1820?
True
Does 74 divide 19536?
True
Does 5 divide 20?
True
Is 2400 a multiple of 200?
True
Is 34 a factor of 1088?
True
Does 38 divide 8999?
False
Is 5 a factor of 561?
False
Is 2254 a multiple of 30?
False
Does 35 divide 525?
True
Is 28 a factor of 683?
False
Does 7 divide 1141?
True
Is 24484 a multiple of 4?
True
Is 157 a multiple of 10?
False
Is 10473 a multiple of 9?
False
Does 4 divide 79?
False
Does 46 divide 1039?
False
Is 12 a factor of 289?
False
Does 21 divide 4255?
False
Does 11 divide 3674?
True
Is 21 a factor of 6189?
False
Is 6255 a multiple of 46?
False
Is 3 a factor of 65?
False
Does 17 divide 2320?
False
Is 19 a factor of 1925?
False
Is 115 a factor of 4600?
True
Does 245 divide 66162?
False
Is 31 a multiple of 3?
False
Does 18 divide 32220?
True
Is 552 a multiple of 69?
True
Does 24 divide 1011?
False
Does 35 divide 385?
True
Is 4 a factor of 357?
False
Is 42 a factor of 17388?
True
Is 34238 a multiple of 53?
True
Is 43083 a multiple of 256?
False
Is 1357 even?
False
Is 18 a factor of 1836?
True
Is 3465 a multiple of 93?
False
Is 7 a factor of 503?
False
Does 326 divide 128770?
True
Is 26 a factor of 598?
True
Does 17 divide 23001?
True
Is 893 a multiple of 58?
False
Is 17 a factor of 300?
False
Is 9 a factor of 31316?
False
Does 27 divide 8409?
False
Is 22 a factor of 459?
False
Does 30 divide 17438?
False
Does 12 divide 1950?
False
Does 14 divide 700?
True
Is 28 a factor of 369?
False
Is 405 a multiple of 38?
False
Is 4 a factor of 26540?
True
Does 9 divide 423?
True
Is 1321 a multiple of 41?
False
Is 232 a multiple of 24?
False
Is 2 a factor of 446?
True
Does 10 divide 221?
False
Is 14 a factor of 658?
True
Does 23 divide 145?
False
Does 2 divide 988?
True
Is 1269 a multiple of 47?
True
Is 430 a multiple of 10?
True
Is 51 a factor of 1071?
True
Is 14400 a multiple of 60?
True
Does 22 divide 748?
True
Does 23 divide 38341?
True
Is 58730 a multiple of 61?
False
Does 16 divide 448?
True
Does 109 divide 41747?
True
Is 18 a factor of 5220?
True
Does 16 divide 23520?
True
Is 4620 a multiple of 44?
True
Is 2784 a multiple of 12?
True
Is 9284 a multiple of 11?
True
Is 10 a factor of 90?
True
Is 36 a factor of 13536?
True
Is 20 a factor of 29?
False
Is 4536 a multiple of 30?
False
Is 57 a factor of 9652?
False
Is 25 a factor of 1723?
False
Does 27 divide 864?
True
Is 22 a factor of 2785?
False
Does 66 divide 20576?
False
Is 10817 a multiple of 117?
False
Is 200 a factor of 61928?
False
Does 65 divide 650?
True
Does 11 divide 385?
True
Does 43 divide 2691?
False
Does 11 divide 128?
False
Is 11 a factor of 2216?
False
Is 269 a multiple of 11?
False
Is 21285 a multiple of 9?
True
Does 23 divide 175?
False
Is 30 a factor of 56580?
True
Is 345 even?
False
Is 7 a factor of 70?
True
Is 3 a factor of 2059?
False
Does 17 divide 340?
True
Does 38 divide 2096?
False
Does 49 divide 1286?
False
Is 3240 a multiple of 27?
True
Does 39 divide 5548?
False
Is 17 a factor of 21063?
True
Is 14 a factor of 742?
True
Is 3913 a multiple of 13?
True
Is 22 a factor of 8909?
False
Is 14 a factor of 980?
True
Does 43 divide 6321?
True
Is 10494 a multiple of 29?
False
Does 55 divide 396?
False
Is 8412 a multiple of 12?
True
Does 20 divide 5360?
True
Is 16 a factor of 589?
False
Does 8 divide 448?
True
Is 70 a factor of 765?
False
Is 49 a multiple of 4?
False
Does 33 divide 1939?
False
Is 21 a factor of 20963?
False
Is 12 a factor of 938?
False
Does 17 divide 572?
False
Is 8 a factor of 280?
True
Is 22 a factor of 72669?
False
Is 5341 a multiple of 49?
True
Is 27 a factor of 9216?
False
Is 4560 a multiple of 20?
True
Is 34 a factor of 7730?
False
Is 935 a multiple of 17?
True
Is 5 a factor of 1442?
False
Is 30 a factor of 649?
False
Is 23520 a multiple of 240?
True
Does 76 divide 55784?
True
Is 49 a factor of 10699?
False
Does 62 divide 78969?
False
Does 6 divide 63786?
True
Is 13 a factor of 455?
True
Is 929 a multiple of 43?
False
Is 23 a factor of 35696?
True
Does 12 divide 5274?
False
Is 51 a factor of 397?
False
Does 14 divide 9254?
True
Does 97 divide 8827?
True
Is 1058 a multiple of 46?
True
Does 79 divide 1185?
True
Does 43 divide 32379?
True
Does 97 divide 1940?
True
Is 1188 a multiple of 66?
True
Does 8 divide 3747?
False
Is 34 a factor of 1428?
True
Is 3 a factor of 511?
False
Does 16 divide 418?
False
Does 30 divide 11533?
False
Is 27 a factor of 46?
False
Is 37550 a multiple of 11?
False
